7 a factor of 6897?
True
Is 275 a factor of 89913?
False
Is 452863 a multiple of 134?
False
Is 52 a factor of 8095914?
False
Is 395 a factor of 3750525?
True
Is 11561675 a multiple of 34?
False
Does 87 divide 82961?
False
Is 275 a factor of 210487?
False
Does 668 divide 13746104?
True
Is 4000740 a multiple of 262?
True
Is 422 a factor of 10598909?
False
Is 16 a factor of 351072?
True
Is 23 a factor of 125259?
False
Is 176732 a multiple of 5?
False
Does 19 divide 547618?
True
Is 8028 a multiple of 18?
True
Is 35511 a multiple of 89?
True
Is 7082205 a multiple of 13?
True
Is 21 a factor of 4578993?
False
Is 3292491 a multiple of 421?
False
Does 638 divide 3235298?
True
Is 44021 even?
False
Does 1190 divide 24290519?
False
Is 11583 a multiple of 3?
True
Does 14 divide 736256?
False
Is 228 a factor of 890112?
True
Is 882956 a multiple of 284?
True
Is 2805898 a multiple of 89?
False
Is 251095 a multiple of 58?
False
Does 154 divide 245476?
True
Is 5 a factor of 1057246?
False
Is 21 a factor of 7957824?
True
Is 15 a factor of 56782?
False
Is 24 a factor of 367656?
True
Does 11 divide 141174?
True
Does 5 divide 1453824?
False
Does 78 divide 12083437?
False
Does 33 divide 231792?
True
Is 4 a factor of 141580?
True
Is 8 a factor of 601104?
True
Does 35 divide 414595?
False
Is 22 a factor of 4396072?
False
Does 59 divide 76405?
True
Is 126 a factor of 46242?
True
Does 131 divide 66816?
False
Does 1486 divide 10873062?
True
Is 426 a factor of 749870?
False
Is 45 a factor of 362788?
False
Does 6 divide 302743?
False
Is 511 a factor of 5329043?
False
Does 17 divide 1596368?
True
Is 194910 a multiple of 143?
False
Is 19 a factor of 35283?
True
Does 26 divide 5310656?
True
Is 13 a factor of 95927?
True
Is 11811 a multiple of 4?
False
Is 62 a factor of 4665066?
True
Is 530 a factor of 673630?
True
Does 594 divide 615242?
False
Is 6026 a multiple of 16?
False
Is 20 a factor of 1252497?
False
Does 80 divide 248320?
True
Does 16 divide 990059?
False
Is 234774 a multiple of 341?
False
Is 202600 a multiple of 8?
True
Is 7 a factor of 46488?
False
Is 4 a factor of 11889209?
False
Is 20 a factor of 2999840?
True
Is 69 a factor of 749013?
False
Is 125 a factor of 432957?
False
Is 18502294 a multiple of 16?
False
Is 9 a factor of 131308?
False
Is 318770 a multiple of 11?
False
Is 2653768 a multiple of 19?
True
Is 64 a factor of 181107?
False
Does 4 divide 21947?
False
Does 53 divide 13674?
True
Is 2606376 a multiple of 55?
False
Is 1011941 a multiple of 7?
True
Does 121 divide 30838?
False
Does 30 divide 276030?
True
Does 67 divide 2096594?
False
Is 191716 a multiple of 167?
True
Is 11118 a multiple of 14?
False
Is 272389 a multiple of 13?
True
Is 18920291 a multiple of 27?
False
Does 5 divide 1546470?
True
Is 4356436 a multiple of 80?
False
Does 9 divide 275336?
False
Is 4712721 a multiple of 13?
True
Does 805 divide 1027359?
False
Is 48 a factor of 161868?
False
Is 276960 a multiple of 160?
True
Is 5676000 a multiple of 11?
True
Is 16369092 a multiple of 1338?
True
Is 737939 a multiple of 11?
False
Is 357077 a multiple of 796?
False
Is 254 a factor of 5198710?
False
Is 3 a factor of 60256?
False
Is 3270838 a multiple of 1320?
False
Is 1047172 a multiple of 596?
True
Does 462 divide 166775?
False
Is 464 a factor of 1326933?
False
Does 548 divide 1245056?
True
Is 595296 a multiple of 8?
True
Is 136 a factor of 183652?
False
Does 32 divide 207072?
True
Is 46 a factor of 22744757?
False
Does 145 divide 1109540?
True
Is 17 a factor of 3136608?
False
Is 499 a factor of 6322055?
False
Is 3818544 a multiple of 19?
True
Is 40 a factor of 83755?
False
Is 360 a factor of 10178640?
True
Is 941378 a multiple of 65?
False
Does 353 divide 7058941?
True
Does 161 divide 5058758?
False
Does 12 divide 171156?
True
Does 181 divide 561037?
False
Does 266 divide 1365112?
True
Is 4 a factor of 136424?
True
Is 506340 a multiple of 60?
True
Does 12 divide 68316?
True
Does 210 divide 4351880?
False
Is 2332481 a multiple of 279?
False
Is 35077 a multiple of 181?
False
Does 16 divide 1222400?
True
Is 67569 a multiple of 78?
False
Is 121738 a multiple of 449?
False
Is 8 a factor of 807507?
False
Is 467484 a multiple of 478?
True
Is 18052575 a multiple of 33?
False
Does 19 divide 47956?
True
Does 43 divide 15257623?
False
Is 3358775 a multiple of 50?
False
Is 287100 a multiple of 99?
True
Does 62 divide 58652?
True
Is 43 a factor of 982980?
True
Is 7586958 a multiple of 72?
False
Is 15 a factor of 128520?
True
Is 10 a factor of 228440?
True
Is 4998 even?
True
Is 14 a factor of 187465?
False
Is 640 a factor of 170135?
False
Is 235761 a multiple of 188?
False
Is 79 a factor of 118421?
True
Is 101 a factor of 146367?
False
Is 48 a factor of 32352?
True
Does 122 divide 4615695?
False
Is 1669647 a multiple of 210?
False
Is 468544 a multiple of 321?
False
Does 12 divide 12489696?
True
Is 99 a factor of 232874?
False
Does 121 divide 4638656?
True
Is 292 a factor of 131513?
False
Is 13019985 a multiple of 261?
True
Is 14202247 a multiple of 31?
True
Is 2224145 a multiple of 35?
True
Is 244191 a multiple of 24?
False
Does 89 divide 157779?
False
Is 39188 a multiple of 12?
False
Is 231875 a multiple of 27?
False
Does 13 divide 234390?
True
Is 461887 a multiple of 9?
False
Is 35 a factor of 311937?
False
Is 56 a factor of 629904?
False
Is 5 a factor of 3744356?
False
Does 54 divide 307311?
False
Does 83 divide 121014?
True
Is 146201 a multiple of 206?
False
Is 8569010 a multiple of 10?
True
Does 4 divide 41084?
True
Is 177 a factor of 266208?
True
Is 98 a factor of 13385683?
False
Is 74841 a multiple of 39?
True
Does 16 divide 72046?
False
Does 24 divide 252096?
True
Is 118475 a multiple of 12?
False
Is 1239988 a multiple of 74?
False
Does 3 divide 191972?
False
Is 10 a factor of 2196262?
False
Is 1064003 a multiple of 43?
False
Is 479 a factor of 2130113?
True
Is 283373 a multiple of 176?
False
Does 134 divide 6766863?
False
Does 150 divide 2270400?
True
Does 3 divide 34677?
True
Does 6 divide 109514?
False
Is 29 a factor of 574142?
True
Is 6 a factor of 12883711?
False
Is 65 a factor of 2829812?
False
Does 603 divide 4773762?
False
Is 1555530 a multiple of 15?
True
Is 10 a factor of 414710?
True
Does 576 divide 4145472?
True
Is 2753830 a multiple of 194?
True
Is 218 a factor of 1409754?
False
Is 170096 a multiple of 23?
False
Is 17 a factor of 419611?
True
Is 654767 a multiple of 9?
False
Is 19 a factor of 10108589?
True
Is 3470 a multiple of 211?
False
Is 147 a factor of 154791?
True
Does 97 divide 152969?
True
Does 21 divide 4541122?
False
Does 29 divide 1327736?
True
Is 40 a factor of 2082680?
True
Is 7 a factor of 2174431?
True
Is 10491032 a multiple of 9?
False
Does 554 divide 348272?
False
Is 72 a factor of 168912?
True
Is 3297699 a multiple of 37?
True
Is 3380104 a multiple of 29?
False
Does 5 divide 48661?
False
Does 31 divide 2006984?
False
Is 113 a factor of 121023?
True
Does 13 divide 559496?
False
Does 91 divide 16013452?
True
Is 71 a factor of 534346?
True
Is 29124 a multiple of 159?
False
Does 10 divide 15822?
False
Is 10 a factor of 3883?
False
Does 152 divide 207936?
True
Does 21 divide 120246?
True
Does 584 divide 3884768?
True
Is 41 a factor of 345958?
True
Does 56 divide 20060824?
True
Does 14 divide 963032?
True
Is 273266 a multiple of 611?
False
Is 42 a factor of 72685?
False
Does 20 divide 2342755?
False
Is 2673176 a multiple of 2?
True
Is 180 a factor of 121381?
False
Is 41 a factor of 1014166?
False
Is 14448119 a multiple of 221?
False
Is 1482704 a multiple of 39?
False
Is 3 a factor of 64667?
False
Does 5 divide 651165?
True
Is 3046598 a multiple of 166?
True
Is 1033768 a multiple of 71?
False
Is 15 a factor of 103042?
False
Is 1638688 a multiple of 187?
False
Is 1305493 a multiple of 29?
True
Does 24 divide 29616?
True
Does 742 divide 4900910?
True
Is 13647942 a multiple of 602?
True
Is 155304 a multiple of 24?
True
Is 16 a factor of 515096?
False
Does 36 divide 547640?
False
Is 20 a factor of 26843960?
True
Does 141 divide 10238213?
False
Does 637 divide 386022?
True
Does 448 divide 788928?
True
Does 33 divide 2778831?
True
Is 5273533 a multiple of 9?
False
Does 18 divide 312714?
True
Is 252 a factor of 683261?
False
Is 8 a factor of 184945?
False
Does 7 divide 108477?
Fal